 5*b(m). Let l = -1 + 6. Determine t(l).
3
Let o(h) = -h**2 - 7*h + 2*h**2 - 3 - 2*h**2. Suppose 4 = 2*f + 4*r, 7*r - 12*r + 3 = 2*f. Let t(k) = k**3 - 5*k**2 + 7*k - 17. Let j be t(f). Calculate o(j).
7
Suppose 2*w + 6 = 4*x, -5*w + 3*x = 3 + 5. Suppose 14*q - 21 = 21. Let g be (-2 - -1 - w) + q/1. Let r(k) = k - 2. Give r(g).
1
Suppose -101 = -154*b + 515. Let v(s) be the third derivative of -25*s**2 - 1/2*s**3 + 0 + 5/24*s**b + 0*s. Calculate v(4).
17
Let g(l) be the first derivative of -3*l**4/4 + l - 1092. What is g(-1)?
4
Suppose -19*u - 47*u + 67 = 199. Let f(z) = 21*z. Calculate f(u).
-42
Let m(q) = -16340*q + 13 + 16339*q + 9 + 1. Give m(17).
6
Let a(f) = -27138*f + 54322*f - 27145*f + 6. Determine a(-1).
-33
Let m(a) be the second derivative of -7/2*a**2 + 2/3*a**3 - a + 0 - 1/12*a**4. Let n be m(4). Let v(x) = -2*x - 8. Give v(n).
6
Let r = 11093 - 11085. Let i(p) = -p**3 + 9*p**2 - 17*p. Calculate i(r).
-72
Let z(m) = -m**3 + 7*m**2 - 7*m + 3. Let p(v) = -v**3 - 29*v**2 - 29*v - 24. Let f be p(-28). Calculate z(f).
23
Let x(j) = j**2 + 7*j. Let f(c) be the first derivative of c**2 + 29*c + 127. Let u be f(-18). Determine x(u).
0
Suppose -17*d - 5*d + 264 = -0*d. Let z(a) = 6*a - 71. Determine z(d).
1
Let d(p) = -5*p. Let y be d(1). Let s(h) = 3*h**3 + 5*h**2 - 20*h - 17. Let b(j) = j**3 + j**2 - 8*j - 8. Let z(f) = 5*b(f) - 2*s(f). Calculate z(y).
-6
Let m(x) = -16*x - 25. Let q(l) = -13*l - 27. Let w(i) = -5*m(i) + 6*q(i). Give w(14).
-9
Let x(i) = -i**2 - 14*i + 9. Suppose o = b + 9, o + 2 - 7 = 0. Let w be (-36)/42*17 - b/7. Calculate x(w).
9
Let z(l) be the first derivative of 67 + 136 - l**2 - 30 - 6*l. Determine z(9).
-24
Let g(q) be the first derivative of -q**3/3 + q**2 + 4*q - 5188. Suppose -2*i + 8*y - 3*y + 16 = 0, 0 = 2*i + 4*y + 20. Calculate g(i).
-4
Let h(c) = c - 6. Suppose 0 = -24*t + 30*t - 1374. Let b = 229 - t. Determine h(b).
-6
Let x(a) = -15 - 13 - a**2 + 31. Suppose -5*h + g = -0*g - 111, 0 = -3*h + 5*g + 71. Suppose -4*z + h = 10. Calculate x(z).
-6
Let p(g) = -g**3 - 4*g**2 - g - 1. Let u be (-11 + 21/3)*2. Let c be (12/u)/((-1)/((-24)/9)). Calculate p(c).
3
Let c(j) = 50*j - 60. Let m(o) = 23*o - 30. Let x(p) = -4*c(p) + 9*m(p). Calculate x(3).
-9
Let p(b) = -21 - 16*b**2 + 9*b**2 + 18*b - 11 + b**3. Let l be p(5). Let g(s) = s**3 - 8*s**2 + 4. Calculate g(l).
4
Let t(a) = -9 - 12 - 3*a**2 + 0 - 11 - 25*a + 7. What is t(-7)?
3
Let n(h) = -9*h - 2. Suppose 4*y + 2*p = 46, -5*y = -p - 69 + 8. Let i be (0 - 3/y)/((-9)/144). Give n(i).
-38
Suppose -184 = -3*k + 5*i, 66*k - 71*k + 4*i = -285. Suppose -116 = -21*m - k. Let l(y) = -2*y**2 + 8*y - 4. Calculate l(m).
2
Let v(g) = 2*g - 1. Suppose -3*p - 6 = 0, 5*p + 0 - 162 = -4*b. Let j = 48 - b. Suppose -23 + 33 = -j*d. Give v(d).
-5
Suppose 0 = -2*i + 4*d + 4, -2*i = 5*d - d - 4. Let s(m) = m**3 + i*m - m**2 + 1 - m**3 + 2*m**3 - 3*m**3. Let h = -38 + 36. What is s(h)?
1
Suppose 1126*k - 1115*k = 0. Let g(n) = 5*n - 23. Let t(f) = -9*f + 46. Let a(u) = 7*g(u) + 4*t(u). What is a(k)?
23
Let w(n) = -7671 + 3838 + 23*n + 3838 + 2*n**2. Give w(-11).
-6
Let h(w) = 7*w**3 - 18*w**2 - 37*w - 43. Let z(q) = -3*q**3 + 9*q**2 + 19*q + 20. Let r(c) = 2*h(c) + 5*z(c). Give r(11).
3
Let r(p) = p**3 + 30*p**2 + 25*p - 119. Let q be r(-29). Let d(z) = z + 3 + 6 - 4 - 3. Determine d(q).
-1
Let v(j) = -2645 - 10*j + 7936 - 2627 - 2644. Give v(4).
-20
Let h(d) = -44224*d + 4*d**2 + 3*d**3 - 1 - 2*d**3 + 44223*d. Let g be (3 - 7) + (2 - 1). What is h(g)?
11
Suppose 4*o + 13*o - 68 = 0. Let b(q) = q**3 + 17 - o + q - 9*q**2 - 18. Calculate b(9).
4
Suppose 3*b = 5*n - 67, -n - b + 23 = -4*b. Let x = n - 6. Let k(l) = 3 - 6288*l**2 - 6*l - 6292*l**2 + 12581*l**2 - 6. Give k(x).
-8
Let s(c) = -4*c**2 - 3*c - 14. Let i(q) = 2*q**2 + q - 5. Let t(b) = 2*i(b) - s(b). What is t(-2)?
26
Let l(p) = -3*p**3 - 15*p**2 + 66*p + 3. Let t(u) = -5*u**3 - 29*u**2 + 119*u + 5. Let g(c) = 7*l(c) - 4*t(c). Give g(10).
-39
Let z(l) = 4*l - 6. Let i be z(2). Suppose -7*c + 15 = -i*c, 2*b = 3*c - 23. Let u(j) = -7 + j**2 - 2 - 2 + 7*j + 4. Calculate u(b).
-7
Let q = -19949 + 19928. Let s(o) = o**2 + 15*o + 43. What is s(q)?
169
Let r(h) = 5*h - 152. Suppose -10607*i + 10572*i + 1225 = 0. Give r(i).
23
Let p(q) = 3*q + 12. Let c = 213 + -304. Let r = 85 + c. Calculate p(r).
-6
Suppose 3*z = -5*t - 11 + 235, 0 = -2*t + 3*z + 77. Let i(x) = -7*x + 295. What is i(t)?
-6
Let u(q) = -4*q**2 - 26*q - 22. Let k = -9306 + 9301. What is u(k)?
8
Let o(v) = 87*v - 34*v - 27*v - 28*v + 2. Let g(c) = -c**3 + 5*c**2 + 5. Let n(j) = j**2 - 5*j - 9. Let a be n(7). Let q be g(a). Give o(q).
-8
Let r be (-7 - -6) + 4 - 6. Let v be (-3)/(r + 5 + -1) + 0. Let w(a) = -3*a - 1. Calculate w(v).
8
Let r(l) = 2*l**2 + 5*l - 2. Let f(m) = -m. Let u(z) = -4*f(z) - r(z). Let w(a) = -a**3 - 5*a**2 - 6*a + 2. Let p be w(-3). Calculate u(p).
-8
Let v = -3817 + 3833. Let x(f) = -f**2 + 20*f - 69. Calculate x(v).
-5
Let v = 1745 + -1751. Let p(m) be the second derivative of m**5/20 + 5*m**4/12 - m**3/2 - 7*m**2/2 - 10*m. What is p(v)?
-25
Let i(d) = -d**2 - 2*d - 12. Let n(s) = -4*s**2 - 166*s - 61. Let z(h) = -5*i(h) + n(h). Calculate z(0).
-1
Suppose 0*k = 142*k. Let m(z) be the third derivative of 1/3*z**3 + 13*z**2 + k*z - 1/60*z**5 + 0 + 7/24*z**4. Calculate m(6).
8
Let q(s) be the first derivative of -s**4/4 + 4*s**3 - 7*s**2 + 25*s - 934. Determine q(11).
-8
Let f(u) = -60*u**3 - 1321*u**2 - 23*u - 22. Let i be f(-22). Let b(v) = v - 5. Calculate b(i).
-5
Let v(p) = 11*p**3 + 19*p**2 + 19*p + 11. Let b(u) = 5*u**3 + 9*u**2 + 9*u + 5. Let h(d) = 13*b(d) - 6*v(d). Let m = 2549 + -2546. Give h(m).
8
Let l(m) = -m**2 - m - 3. Suppose -280 = -6*c + 2*c. Let i = c + -70. What is l(i)?
-3
Suppose -2*q = 4*b + 18, 0 = 4*b + 5*q + 25 - 4. Let k(d) = d**2 + 3*d - 3. Determine k(b).
1
Let w = 654 - 665. Let p(c) = -9*c + 80. Let q(t) = 3*t - 27. Let s(j) = w*q(j) - 4*p(j). Determine s(6).
-5
Let q(a) = -14*a**2 - 7*a - 11. Let m(r) = -18*r**2 - 8*r - 13. Let n(s) = -5*m(s) + 6*q(s). Give n(1).
3
Let j(k) = 28*k - 116. Let z be j(4). Let m(t) = 4*t + 21. Determine m(z).
5
Let b(i) = i**3 + 78*i**2 - 328*i + 2. Let w be b(4). Let o(k) be the second derivative of -10*k + 1/6*k**3 + 0 - w*k**2. What is o(7)?
3
Let w(o) be the first derivative of -o**3/3 + 8*o**2 - 16*o + 161. Let t(l) = l**2 - 2*l. Let x(q) = -2*t(q) - w(q). Determine x(-14).
-12
Let d(u) be the second derivative of u**5/20 + u**4/3 - 37*u**3/6 + 13*u**2/2 - 1770*u. Give d(-8).
53
Let t(b) be the second derivative of b**5/20 + b**4/6 + 7*b**3/6 + 35*b**2/2 - 6364*b. Calculate t(-3).
5
Let q(j) be the second derivative of -j**3/2 + 2*j**2 - 8*j. Let r(z) = -z**3 - 3*z**2 + 6*z. Let i be r(-5). Suppose 6*u = 11*u + i. Give q(u).
16
Let p(c) be the third derivative of -c**5/30 + 5*c**4/12 + 14*c**3/3 + 79*c**2. Let o be p(7). Let t(i) = -i**2 + i + 9. What is t(o)?
9
Let j(y) = -37*y**2 - 10*y - 7. Let r(s) = 13*s**2 + 3*s + 2. Suppose -100 + 49 = -3*t. Let c(k) = t*r(k) + 6*j(k). Give c(-8).
0
Suppose 0 = 3*q + 2*f - 2, -f = 2*q + 3*f - 4. Suppose 55*m - 52*m = 6. Let y(n) = m - n - 1 + 19*n**2 - 18*n**2. Calculate y(q).
1
Suppose 1371*v - 1383*v + 96 = 0. Let d(i) = i + 16. Calculate d(v).
24
Let f(i) = -i**3 - 10*i**2 - 23*i + 11. Suppose 33*p - 77*p - 35 = -37*p. Give f(p).
1
Let n(v) = -v. Let y(w) = -3*w + 1. Let q(j) = -2*n(j) + y(j). Let c(d) = -d**2 - 5*d + 9. Let x(f) = -c(f) - 2*q(f). Let a = 115 - 124. What is x(a)?
7
Let i(o) = -16*o + 30. Let c(w) = w**3 - 7*w**2 + 3*w - 18. Let t be c(7). What is i(t)?
-18
Let s(q) = q**3 + 3*q**2 + q - 3. Let n be s(-3). Let z(a) = 1020 - a + 1016 + 1020 + 1013 + 1021 - 5097. Calculate z(n).
-1
Let j(o) = 2*o**3 + 1. Let a(p) = -9*p**3 - 9*p**2 - 20*p - 19. Let u(x) = -a(x) - 4*j(x). Let y be u(-6). Let v(r) = r**3 - 1. Give v(y).
26
Suppose 2*g + 101 = -123. Let h be (2 - (-48)/(-22)) + g/(-11). Suppose 6 = 2*a, -h - 5 = y - 4*a. Let c(x) = x**3 + 3*x**2 + 4*x + 2. What is c(y)?
-10
Let w = 56 + -92. Let b be 9/(-2) - 18/w - 3. Let o(p) = -13*p + 21. Let h(m) = 7*m - 11. Let z(f) = 11*h(f) + 6*o(f). What is z(b)?
12
Suppose u - 35 = -4*v, 2*v + 2*u + u = 15. Let n(j) = -8 - 11*j + v*j**2 - 15*j**2 + 5*j**2. Give n(-9).
10
Le